{"id":142,"date":"2020-12-10T15:21:40","date_gmt":"2020-12-10T15:21:40","guid":{"rendered":"https:\/\/laruchelacaugnaise.com\/?page_id=142"},"modified":"2021-01-02T16:46:10","modified_gmt":"2021-01-02T16:46:10","slug":"comment-commander","status":"publish","type":"page","link":"https:\/\/laruchelacaugnaise.com\/?page_id=142","title":{"rendered":"Comment commander"},"content":{"rendered":"\n<div class=\"wp-block-columns is-layout-flex wp-container-core-columns-layout-1 wp-block-columns-is-layout-flex\">\n<div class=\"wp-block-column is-layout-flow wp-block-column-is-layout-flow\">\n<figure class=\"wp-block-image size-large is-resized is-style-rounded\"><img loading=\"lazy\" decoding=\"async\" src=\"https:\/\/laruchelacaugnaise.com\/wp-content\/uploads\/2020\/12\/pre-fleuri-162022-2.jpg\" alt=\"\" class=\"wp-image-143\" width=\"721\" height=\"442\" srcset=\"https:\/\/laruchelacaugnaise.com\/wp-content\/uploads\/2020\/12\/pre-fleuri-162022-2-600x369.jpg 600w, https:\/\/laruchelacaugnaise.com\/wp-content\/uploads\/2020\/12\/pre-fleuri-162022-2-300x185.jpg 300w\" sizes=\"(max-width: 721px) 100vw, 721px\" \/><\/figure>\n\n\n\n<p><strong>Pour vous procurer votre commande , plusieurs options <\/strong>:<\/p>\n\n\n\n<p>Directement <strong>sur site<\/strong> \u00e0 Venerque 31 (sur R.V. )<\/p>\n\n\n\n<p><strong>Livraison<\/strong> possible selon localisation et quantit\u00e9 . (Sur votre lieu de travail , \u00e0 votre domicile , tout autre lieu      envisageable .) N&rsquo;hesitez pas \u00e0 nous questionner .<\/p>\n\n\n\n<p><strong>Exp\u00e9dition<\/strong> (par Mondial Relay)<\/p>\n\n\n\n<figure class=\"wp-block-table\"><table><tbody><tr><td class=\"has-text-align-center\" data-align=\"center\"><strong><em>Nombre de Pots de 500g +emballage<\/em><\/strong><\/td><td><\/td><\/tr><tr><td class=\"has-text-align-center\" data-align=\"center\">2<\/td><td>7,55\u20ac<\/td><\/tr><tr><td class=\"has-text-align-center\" data-align=\"center\">3<\/td><td>8,45\u20ac<\/td><\/tr><tr><td class=\"has-text-align-center\" data-align=\"center\">6<\/td><td>9,65\u20ac<\/td><\/tr><tr><td class=\"has-text-align-center\" data-align=\"center\">Coffret<\/td><td>9,65\u20ac<\/td><\/tr><tr><td class=\"has-text-align-center\" data-align=\"center\">9<\/td><td>12,25\u20ac<\/td><\/tr><tr><td class=\"has-text-align-center\" data-align=\"center\">13<\/td><td>14,50\u20ac<\/td><\/tr><tr><td class=\"has-text-align-center\" data-align=\"center\">20<\/td><td>17,20\u20ac<\/td><\/tr><\/tbody><\/table><figcaption><strong>Pour toute autre configuration un devis sera propos\u00e9<\/strong><\/figcaption><\/figure>\n\n\n\n<p><strong>R\u00e8glement<\/strong><\/p>\n\n\n\n<p>Nous acceptons les r\u00e8glements en <strong>Esp\u00e8ce<\/strong> , par <strong>Ch\u00e8que bancaire<\/strong> et par <strong>Carte de Paiement<\/strong> .<\/p>\n\n\n\n<p>Pour les r\u00e8glements \u00e0 distance ,nous fonctionnons avec \u00ab\u00a0<a href=\"http:\/\/izettle.com\">IZETTLE<\/a>\u00a0\u00bb , filiale de<strong> Paypal <\/strong>.<\/p>\n\n\n\n<p>A r\u00e9ception de votre commande nous vous envoyons (par mail) un<strong> lien s\u00e9curis\u00e9 <\/strong>,vous vous connectez , effectuez votre r\u00e8glement . D\u00e8s confirmation de votre paiement nous faisons partir votre colis .<\/p>\n<\/div>\n<\/div>\n\n\n\n<figure class=\"wp-block-image size-large is-resized\"><a href=\"https:\/\/laruchelacaugnaise.com\/?page_id=275\"><img loading=\"lazy\" decoding=\"async\" src=\"https:\/\/laruchelacaugnaise.com\/wp-content\/uploads\/2020\/12\/je_commande_abeille-2-8-724x1024.png\" alt=\"\" class=\"wp-image-144\" width=\"297\" height=\"420\" srcset=\"https:\/\/laruchelacaugnaise.com\/wp-content\/uploads\/2020\/12\/je_commande_abeille-2-8-724x1024.png 724w, https:\/\/laruchelacaugnaise.com\/wp-content\/uploads\/2020\/12\/je_commande_abeille-2-8-600x849.png 600w, https:\/\/laruchelacaugnaise.com\/wp-content\/uploads\/2020\/12\/je_commande_abeille-2-8-212x300.png 212w, https:\/\/laruchelacaugnaise.com\/wp-content\/uploads\/2020\/12\/je_commande_abeille-2-8-768x1086.png 768w, https:\/\/laruchelacaugnaise.com\/wp-content\/uploads\/2020\/12\/je_commande_abeille-2-8.png 794w\" sizes=\"(max-width: 297px) 100vw, 297px\" \/><\/a><\/figure>\n","protected":false},"excerpt":{"rendered":"<p>Pour vous procurer votre commande , plusieurs options : Directement sur site \u00e0 Venerque 31 (sur R.V. ) Livraison possible&hellip;<\/p>\n","protected":false},"author":1,"featured_media":0,"parent":0,"menu_order":0,"comment_status":"closed","ping_status":"closed","template":"","meta":{"footnotes":""},"yoast_head":"<!-- This site is optimized with the Yoast SEO plugin v22.6 - https:\/\/yoast.com\/wordpress\/plugins\/seo\/ -->\n<title>Comment commander - La Ruche Lacaugnaise<\/title>\n<meta name=\"robots\" content=\"index, follow, max-snippet:-1, max-image-preview:large, max-video-preview:-1\" \/>\n<link rel=\"canonical\" href=\"https:\/\/laruchelacaugnaise.com\/?page_id=142\" \/>\n<meta property=\"og:locale\" content=\"fr_FR\" \/>\n<meta property=\"og:type\" content=\"article\" \/>\n<meta property=\"og:title\" content=\"Comment commander - La Ruche Lacaugnaise\" \/>\n<meta property=\"og:description\" content=\"Pour vous procurer votre commande , plusieurs options : Directement sur site \u00e0 Venerque 31 (sur R.V. ) Livraison possible&hellip;\" \/>\n<meta property=\"og:url\" content=\"https:\/\/laruchelacaugnaise.com\/?page_id=142\" \/>\n<meta property=\"og:site_name\" content=\"La Ruche Lacaugnaise\" \/>\n<meta property=\"article:modified_time\" content=\"2021-01-02T16:46:10+00:00\" \/>\n<meta property=\"og:image\" content=\"https:\/\/laruchelacaugnaise.com\/wp-content\/uploads\/2020\/12\/pre-fleuri-162022-2.jpg\" \/>\n<meta name=\"twitter:card\" content=\"summary_large_image\" \/>\n<meta name=\"twitter:label1\" content=\"Dur\u00e9e de lecture estim\u00e9e\" \/>\n\t<meta name=\"twitter:data1\" content=\"1 minute\" \/>\n<script type=\"application\/ld+json\" class=\"yoast-schema-graph\">{\"@context\":\"https:\/\/schema.org\",\"@graph\":[{\"@type\":\"WebPage\",\"@id\":\"https:\/\/laruchelacaugnaise.com\/?page_id=142\",\"url\":\"https:\/\/laruchelacaugnaise.com\/?page_id=142\",\"name\":\"Comment commander - La Ruche Lacaugnaise\",\"isPartOf\":{\"@id\":\"https:\/\/laruchelacaugnaise.com\/#website\"},\"primaryImageOfPage\":{\"@id\":\"https:\/\/laruchelacaugnaise.com\/?page_id=142#primaryimage\"},\"image\":{\"@id\":\"https:\/\/laruchelacaugnaise.com\/?page_id=142#primaryimage\"},\"thumbnailUrl\":\"https:\/\/laruchelacaugnaise.com\/wp-content\/uploads\/2020\/12\/pre-fleuri-162022-2.jpg\",\"datePublished\":\"2020-12-10T15:21:40+00:00\",\"dateModified\":\"2021-01-02T16:46:10+00:00\",\"breadcrumb\":{\"@id\":\"https:\/\/laruchelacaugnaise.com\/?page_id=142#breadcrumb\"},\"inLanguage\":\"fr-FR\",\"potentialAction\":[{\"@type\":\"ReadAction\",\"target\":[\"https:\/\/laruchelacaugnaise.com\/?page_id=142\"]}]},{\"@type\":\"ImageObject\",\"inLanguage\":\"fr-FR\",\"@id\":\"https:\/\/laruchelacaugnaise.com\/?page_id=142#primaryimage\",\"url\":\"https:\/\/laruchelacaugnaise.com\/wp-content\/uploads\/2020\/12\/pre-fleuri-162022-2.jpg\",\"contentUrl\":\"https:\/\/laruchelacaugnaise.com\/wp-content\/uploads\/2020\/12\/pre-fleuri-162022-2.jpg\",\"width\":650,\"height\":400},{\"@type\":\"BreadcrumbList\",\"@id\":\"https:\/\/laruchelacaugnaise.com\/?page_id=142#breadcrumb\",\"itemListElement\":[{\"@type\":\"ListItem\",\"position\":1,\"name\":\"Home\",\"item\":\"https:\/\/laruchelacaugnaise.com\/\"},{\"@type\":\"ListItem\",\"position\":2,\"name\":\"Comment commander\"}]},{\"@type\":\"WebSite\",\"@id\":\"https:\/\/laruchelacaugnaise.com\/#website\",\"url\":\"https:\/\/laruchelacaugnaise.com\/\",\"name\":\"La Ruche Lacaugnaise\",\"description\":\"Le v\u00e9ritable gout d&#039;un miel naturel issu d&#039;une apiculture responsable de l&#039;environnement et du bien etre des abeilles .   Et parfois une touche de fantaisie dans certaines cr\u00e9ations originales ...\",\"publisher\":{\"@id\":\"https:\/\/laruchelacaugnaise.com\/#\/schema\/person\/b19b6ef33840edd313c319057354f196\"},\"potentialAction\":[{\"@type\":\"SearchAction\",\"target\":{\"@type\":\"EntryPoint\",\"urlTemplate\":\"https:\/\/laruchelacaugnaise.com\/?s={search_term_string}\"},\"query-input\":\"required name=search_term_string\"}],\"inLanguage\":\"fr-FR\"},{\"@type\":[\"Person\",\"Organization\"],\"@id\":\"https:\/\/laruchelacaugnaise.com\/#\/schema\/person\/b19b6ef33840edd313c319057354f196\",\"name\":\"admin\",\"image\":{\"@type\":\"ImageObject\",\"inLanguage\":\"fr-FR\",\"@id\":\"https:\/\/laruchelacaugnaise.com\/#\/schema\/person\/image\/\",\"url\":\"https:\/\/secure.gravatar.com\/avatar\/0c1038ed4facac5f8761587dc8856dc8?s=96&d=mm&r=g\",\"contentUrl\":\"https:\/\/secure.gravatar.com\/avatar\/0c1038ed4facac5f8761587dc8856dc8?s=96&d=mm&r=g\",\"caption\":\"admin\"},\"logo\":{\"@id\":\"https:\/\/laruchelacaugnaise.com\/#\/schema\/person\/image\/\"},\"sameAs\":[\"https:\/\/laruchelacaugnaise.com\"]}]}<\/script>\n<!-- \/ Yoast SEO plugin. -->","yoast_head_json":{"title":"Comment commander - La Ruche Lacaugnaise","robots":{"index":"index","follow":"follow","max-snippet":"max-snippet:-1","max-image-preview":"max-image-preview:large","max-video-preview":"max-video-preview:-1"},"canonical":"https:\/\/laruchelacaugnaise.com\/?page_id=142","og_locale":"fr_FR","og_type":"article","og_title":"Comment commander - La Ruche Lacaugnaise","og_description":"Pour vous procurer votre commande , plusieurs options : Directement sur site \u00e0 Venerque 31 (sur R.V. ) Livraison possible&hellip;","og_url":"https:\/\/laruchelacaugnaise.com\/?page_id=142","og_site_name":"La Ruche Lacaugnaise","article_modified_time":"2021-01-02T16:46:10+00:00","og_image":[{"url":"https:\/\/laruchelacaugnaise.com\/wp-content\/uploads\/2020\/12\/pre-fleuri-162022-2.jpg"}],"twitter_card":"summary_large_image","twitter_misc":{"Dur\u00e9e de lecture estim\u00e9e":"1 minute"},"schema":{"@context":"https:\/\/schema.org","@graph":[{"@type":"WebPage","@id":"https:\/\/laruchelacaugnaise.com\/?page_id=142","url":"https:\/\/laruchelacaugnaise.com\/?page_id=142","name":"Comment commander - La Ruche Lacaugnaise","isPartOf":{"@id":"https:\/\/laruchelacaugnaise.com\/#website"},"primaryImageOfPage":{"@id":"https:\/\/laruchelacaugnaise.com\/?page_id=142#primaryimage"},"image":{"@id":"https:\/\/laruchelacaugnaise.com\/?page_id=142#primaryimage"},"thumbnailUrl":"https:\/\/laruchelacaugnaise.com\/wp-content\/uploads\/2020\/12\/pre-fleuri-162022-2.jpg","datePublished":"2020-12-10T15:21:40+00:00","dateModified":"2021-01-02T16:46:10+00:00","breadcrumb":{"@id":"https:\/\/laruchelacaugnaise.com\/?page_id=142#breadcrumb"},"inLanguage":"fr-FR","potentialAction":[{"@type":"ReadAction","target":["https:\/\/laruchelacaugnaise.com\/?page_id=142"]}]},{"@type":"ImageObject","inLanguage":"fr-FR","@id":"https:\/\/laruchelacaugnaise.com\/?page_id=142#primaryimage","url":"https:\/\/laruchelacaugnaise.com\/wp-content\/uploads\/2020\/12\/pre-fleuri-162022-2.jpg","contentUrl":"https:\/\/laruchelacaugnaise.com\/wp-content\/uploads\/2020\/12\/pre-fleuri-162022-2.jpg","width":650,"height":400},{"@type":"BreadcrumbList","@id":"https:\/\/laruchelacaugnaise.com\/?page_id=142#breadcrumb","itemListElement":[{"@type":"ListItem","position":1,"name":"Home","item":"https:\/\/laruchelacaugnaise.com\/"},{"@type":"ListItem","position":2,"name":"Comment commander"}]},{"@type":"WebSite","@id":"https:\/\/laruchelacaugnaise.com\/#website","url":"https:\/\/laruchelacaugnaise.com\/","name":"La Ruche Lacaugnaise","description":"Le v\u00e9ritable gout d&#039;un miel naturel issu d&#039;une apiculture responsable de l&#039;environnement et du bien etre des abeilles .   Et parfois une touche de fantaisie dans certaines cr\u00e9ations originales ...","publisher":{"@id":"https:\/\/laruchelacaugnaise.com\/#\/schema\/person\/b19b6ef33840edd313c319057354f196"},"potentialAction":[{"@type":"SearchAction","target":{"@type":"EntryPoint","urlTemplate":"https:\/\/laruchelacaugnaise.com\/?s={search_term_string}"},"query-input":"required name=search_term_string"}],"inLanguage":"fr-FR"},{"@type":["Person","Organization"],"@id":"https:\/\/laruchelacaugnaise.com\/#\/schema\/person\/b19b6ef33840edd313c319057354f196","name":"admin","image":{"@type":"ImageObject","inLanguage":"fr-FR","@id":"https:\/\/laruchelacaugnaise.com\/#\/schema\/person\/image\/","url":"https:\/\/secure.gravatar.com\/avatar\/0c1038ed4facac5f8761587dc8856dc8?s=96&d=mm&r=g","contentUrl":"https:\/\/secure.gravatar.com\/avatar\/0c1038ed4facac5f8761587dc8856dc8?s=96&d=mm&r=g","caption":"admin"},"logo":{"@id":"https:\/\/laruchelacaugnaise.com\/#\/schema\/person\/image\/"},"sameAs":["https:\/\/laruchelacaugnaise.com"]}]}},"_links":{"self":[{"href":"https:\/\/laruchelacaugnaise.com\/index.php?rest_route=\/wp\/v2\/pages\/142"}],"collection":[{"href":"https:\/\/laruchelacaugnaise.com\/index.php?rest_route=\/wp\/v2\/pages"}],"about":[{"href":"https:\/\/laruchelacaugnaise.com\/index.php?rest_route=\/wp\/v2\/types\/page"}],"author":[{"embeddable":true,"href":"https:\/\/laruchelacaugnaise.com\/index.php?rest_route=\/wp\/v2\/users\/1"}],"replies":[{"embeddable":true,"href":"https:\/\/laruchelacaugnaise.com\/index.php?rest_route=%2Fwp%2Fv2%2Fcomments&post=142"}],"version-history":[{"count":8,"href":"https:\/\/laruchelacaugnaise.com\/index.php?rest_route=\/wp\/v2\/pages\/142\/revisions"}],"predecessor-version":[{"id":369,"href":"https:\/\/laruchelacaugnaise.com\/index.php?rest_route=\/wp\/v2\/pages\/142\/revisions\/369"}],"wp:attachment":[{"href":"https:\/\/laruchelacaugnaise.com\/index.php?rest_route=%2Fwp%2Fv2%2Fmedia&parent=142"}],"curies":[{"name":"wp","href":"https:\/\/api.w.org\/{rel}","templated":true}]}}